58?
False
Is 1346875 a multiple of 311?
False
Does 2 divide 39401?
False
Is 243 a factor of 23386?
False
Does 16 divide 292972?
False
Does 59 divide 625284?
False
Is 210 a factor of 23499?
False
Is 7 a factor of 249473?
True
Is 761446 a multiple of 14?
True
Is 152012 a multiple of 89?
True
Does 305 divide 19905215?
True
Does 117 divide 607443?
False
Does 14 divide 197956?
False
Is 2776439 a multiple of 409?
False
Is 111876 a multiple of 39?
False
Is 118733 a multiple of 167?
False
Is 262 a factor of 506253?
False
Is 184640 a multiple of 20?
True
Is 153440 a multiple of 112?
True
Is 38 a factor of 159980?
True
Is 652724 a multiple of 14?
False
Is 236294 a multiple of 117?
False
Is 26 a factor of 2149511?
False
Is 33 a factor of 96136?
False
Is 9 a factor of 9740925?
True
Does 32 divide 6951367?
False
Is 62 a factor of 264148?
False
Is 172 a factor of 128140?
True
Does 34 divide 175824?
False
Does 597 divide 4328244?
False
Does 23 divide 2457955?
False
Does 20 divide 526581?
False
Does 3 divide 311496?
True
Is 96117 a multiple of 69?
True
Is 315 a factor of 8421840?
True
Is 7 a factor of 113785?
True
Is 7938360 a multiple of 12?
True
Is 1641631 a multiple of 22?
False
Is 1086426 a multiple of 37?
False
Is 9 a factor of 87948?
True
Does 106 divide 4073883?
False
Is 364460 a multiple of 3?
False
Is 711893 a multiple of 13?
True
Does 23 divide 4945?
True
Is 41 a factor of 2927111?
False
Is 5 a factor of 12428?
False
Is 143 a factor of 1305218?
False
Is 62863 a multiple of 45?
False
Is 10 a factor of 75710?
True
Is 1370335 a multiple of 34?
False
Is 90750 a multiple of 6?
True
Is 58 a factor of 12224312?
True
Is 5 a factor of 34680?
True
Is 28 a factor of 9731772?
False
Does 467 divide 94801?
True
Is 6 a factor of 5127114?
True
Is 28 a factor of 326616?
False
Is 125745 a multiple of 15?
True
Is 98 a factor of 40358?
False
Is 75 a factor of 1010025?
True
Is 33742 a multiple of 10?
False
Is 137 a factor of 45073?
True
Is 22 a factor of 192632?
True
Is 5 a factor of 16289?
False
Does 9 divide 74091?
False
Does 22 divide 45215?
False
Is 192 a factor of 2126784?
True
Is 727031 a multiple of 220?
False
Does 7 divide 15661?
False
Is 893750 a multiple of 275?
True
Is 19 a factor of 266610?
False
Is 10 a factor of 67640?
True
Is 258 a factor of 455370?
True
Does 201 divide 5838447?
True
Is 279 a factor of 30514378?
False
Is 19 a factor of 15228671?
True
Does 46 divide 5842829?
False
Is 57 a factor of 76494?
True
Is 147 a factor of 193209?
False
Does 51 divide 119482?
False
Is 66 a factor of 1140744?
True
Is 15 a factor of 642049?
False
Is 4 a factor of 473620?
True
Is 148 a factor of 4949120?
True
Does 191 divide 283178?
False
Does 158 divide 1834538?
True
Does 4 divide 15232?
True
Does 80 divide 291803?
False
Does 5 divide 367363?
False
Is 347 a multiple of 5?
False
Is 5047509 a multiple of 1576?
False
Is 19 a factor of 396948?
True
Does 173 divide 887836?
True
Is 1086810 a multiple of 85?
True
Is 974368 a multiple of 18?
False
Does 41 divide 5391951?
True
Is 419 a factor of 8774279?
True
Is 57 a factor of 1024119?
True
Is 163 a factor of 4428873?
True
Is 19 a factor of 251788?
True
Is 239073 a multiple of 14?
False
Does 3 divide 22694?
False
Does 93 divide 80531?
False
Is 15556488 a multiple of 534?
True
Does 210 divide 22187963?
False
Does 30 divide 2495046?
False
Is 44100 a multiple of 18?
True
Does 54 divide 710532?
True
Is 77 a factor of 7950299?
False
Is 10 a factor of 486760?
True
Is 7002507 a multiple of 19?
True
Is 389 a factor of 3643344?
False
Does 155 divide 285975?
True
Does 180 divide 3625920?
True
Is 1750644 a multiple of 14?
True
Is 339540 a multiple of 12?
True
Is 88 a factor of 508748?
False
Is 484 a factor of 532400?
True
Does 21 divide 486603?
False
Does 617 divide 9798979?
False
Does 15 divide 1565190?
True
Is 10012908 a multiple of 84?
False
Is 368 a factor of 2689646?
False
Is 58960 a multiple of 10?
True
Is 22 a factor of 840378?
True
Is 175373 a multiple of 47?
False
Is 13338770 a multiple of 44?
False
Is 576690 a multiple of 94?
True
Does 53 divide 21677?
True
Is 26416 a multiple of 3?
False
Is 205 a factor of 11975485?
True
Is 4127019 a multiple of 41?
True
Is 875 a factor of 1218875?
True
Is 1131 a factor of 617526?
True
Does 9 divide 2438884?
False
Is 22 a factor of 30382?
True
Is 137433 a multiple of 61?
True
Does 92 divide 160315?
False
Does 43 divide 6122414?
False
Is 272 a factor of 335659?
False
Does 250 divide 12040750?
True
Does 22 divide 26293?
False
Is 521 a factor of 11211399?
True
Is 111557 a multiple of 397?
True
Is 1230 a factor of 22076040?
True
Does 124 divide 4013508?
True
Is 128 a factor of 185127?
False
Does 17 divide 893273?
False
Is 65 a factor of 46215?
True
Is 92 a factor of 6356933?
False
Is 8042640 a multiple of 1128?
True
Does 99 divide 4158?
True
Is 66728 a multiple of 152?
True
Does 189 divide 224540?
False
Does 94 divide 65009?
False
Is 147588 a multiple of 98?
True
Is 9 a factor of 988340?
False
Is 1654656 a multiple of 62?
True
Is 77 a factor of 8690147?
False
Is 39 a factor of 114348?
True
Is 17 a factor of 147339?
True
Is 53427 a multiple of 5?
False
Is 480826 a multiple of 5?
False
Does 18 divide 1121828?
False
Does 5 divide 830830?
True
Is 6 a factor of 16421?
False
Is 747255 a multiple of 3?
True
Is 26112 a multiple of 72?
False
Is 59 a factor of 279964?
False
Does 28 divide 34748?
True
Does 131 divide 2965338?
False
Is 5432868 a multiple of 36?
True
Does 22 divide 2466208?
False
Is 1688050 a multiple of 10?
True
Is 377 a factor of 208079?
False
Is 11 a factor of 4378?
True
Is 6195 a multiple of 15?
True
Does 71 divide 1638041?
True
Is 187814 a multiple of 22?
True
Is 235 a factor of 549195?
True
Is 213701 a multiple of 71?
False
Does 56 divide 39150?
False
Is 45572 a multiple of 128?
False
Is 23 a factor of 184851?
True
Is 117 a factor of 357435?
True
Does 29 divide 2056384?
False
Is 1548825 a multiple of 107?
True
Is 365906 a multiple of 96?
False
Does 2321 divide 6654307?
True
Is 8416190 a multiple of 31?
True
Does 242 divide 912881?
False
Does 15 divide 62798?
False
Is 75336 a multiple of 45?
False
Is 52932 a multiple of 13?
False
Does 82 divide 173454?
False
Is 1610435 a multiple of 685?
True
Is 9517706 a multiple of 280?
False
Is 1218 a factor of 7101839?
False
Is 129 a factor of 3872709?
True
Does 177 divide 138591?
True
Is 871 a factor of 2424013?
False
Is 1906243 a multiple of 19?
False
Is 417 a factor of 1473261?
True
Is 19 a factor of 39957?
True
Does 20 divide 2223660?
True
Is 30735 a multiple of 45?
True
Does 573 divide 3305064?
True
Is 105 a factor of 1660391?
False
Is 22 a factor of 607684?
True
Is 1468891 a multiple of 21?
False
Is 142140 a multiple of 345?
True
Does 229 divide 13358900?
False
Does 25 divide 96619?
False
Does 97 divide 30829?
False
Is 43 a factor of 3883803?
True
Is 209 a factor of 145046?
True
Is 7166420 a multiple of 19?
True
Is 3 a factor of 16158?
True
Is 23 a factor of 366641?
False
Is 160 a factor of 933760?
True
Does 20 divide 129755?
False
Is 11 a factor of 398266?
True
Is 475260 a multiple of 41?
False
Is 2 a factor of 7693?
False
Does 1478 divide 3031859?
False
Is 491701 a multiple of 19?
True
Is 12112 a multiple of 16?
True
Is 117 a factor of 1018269?
False
Is 161 a factor of 2883141?
False
Does 23 divide 1170740?
False
Is 92 a factor of 7134876?
True
Is 10 a factor of 31872?
False
Does 18 divide 2583486?
True
Is 142 a factor of 317846?
False
Is 149010 a multiple of 159?
False
Does 32 divide 491651?
False
Does 55 divide 172518?
False
Does 42 divide 4505462?
False
Does 81 divide 123855?
False
Is 194192 a multiple of 229?
True
Is 47 a factor of 105570?
False
Is 12 a factor of 15896988?
True
Does 34 divide 2931734?
False
Is 71664 a multiple of 16?
True
Is 189210 a multiple of 10?
True
Is 440040 a multiple of 8?
True
Does 195 divide 492570?
True
Is 24 a factor of 1589112?
True
Is 7 a factor of 1302903?
True
Is 191 a factor of 1033119?
True
Does 435 divide 11310345?
False
Is 3491229 a multiple of 25?
False
Does 124 divide 1248573?
False
Is 275 a factor of 322025?
True
Is 246 a factor of 5288460?
False
Is 274 a factor of 574627?
False
Is 971733 a multiple of 18?
False
Does 9 divide 225725?
False
Is 1309859 a multiple of 588?
False
Is 37 a factor of 237